*p - 11. Let s be a(-13). Let j = s + d. What is the units digit of j?
7
Let m = 4 - 0. Let w = 11 + m. What is the tens digit of (-364)/(-20) - 3/w?
1
Suppose b = 525 + 346. What is the tens digit of b?
7
Let n = 27 - 8. Let u(w) = -w**2 + 29*w - 28. Let t be u(n). Suppose 0*x + 2*x = 4*b - t, 0 = -5*x + 5. What is the units digit of b?
1
What is the thousands digit of 9*(879*(-3)/(-9) + -1)?
2
Let n = -1 + 5. Let o be 10/15 - n/(-3). Suppose -o*s - 2*u + 69 = u, -4*s + 3*u = -111. What is the tens digit of s?
3
Let f = -158 + 474. What is the units digit of f?
6
Suppose -8 = 3*n - 14. Suppose 5*a + 4 = 4*a. What is the units digit of (3/n)/((-2)/a)?
3
Let t(r) = -r - 11. Let i be t(-11). Suppose i*u = -u + 5. Suppose 0*y = -u*g + 2*y + 116, -5*g + 4*y = -122. What is the tens digit of g?
2
Suppose 0 = 6*v - 51 - 57. Let g be (-1 - -16) + (-1 - -1). Let d = g + v. What is the units digit of d?
3
Let k(q) = q**2 + 2*q + 1. Let v be k(5). Let y be 3/(-1) - (-1 - v). Suppose -2*t = -u + y, -t = 4*u - 3*t - 106. What is the tens digit of u?
2
Let r(v) = 52*v**2 - 8*v + 7. Suppose 0 = 36*o - 39*o + 3. What is the tens digit of r(o)?
5
Let j = 1397 - 585. What is the units digit of j?
2
Let n be (-9710)/(-45) + (-2)/(-9). Let q = -129 + n. What is the tens digit of q?
8
Let q(s) = 10*s**2 + 50*s + 57. What is the units digit of q(-13)?
7
What is the tens digit of -2 + 7 + -7 + 9 + 2045?
5
Let b be (-47)/3 - (-4)/36*-3. What is the tens digit of 6*83*(-1 - b/12)?
6
Suppose -3*f = -1 - 56. Let a = f - -101. What is the tens digit of a?
2
Suppose l = -0 + 32. Let p = l + -24. What is the units digit of (-1176)/(-32) + (-6)/p?
6
Let z = -153 + 231. Suppose -215 = 5*u + i, 0*i - 172 = 4*u - 5*i. Let j = u + z. What is the units digit of j?
5
Suppose 0 = 17*w - 14*w - 2*a - 12282, 0 = -2*a + 6. What is the hundreds digit of w?
0
What is the hundreds digit of -86*28/(-12)*(4 + -1)?
6
Let j be 0 + -3 + 4 - 8. Let u be j + 5 - (-20 + 1). Let c = -11 + u. What is the units digit of c?
6
Suppose 3*g - 6032 - 3409 = 0. What is the tens digit of g?
4
Suppose -50879 = -25*w + 10496. What is the thousands digit of w?
2
Let i(w) = -w**2 - 2*w + 90. Let z be i(0). Suppose -27*r = -24*r - z. What is the tens digit of r?
3
Suppose -5*b + 3697 = 867. What is the hundreds digit of b?
5
Let x = 761 + -519. What is the tens digit of x?
4
Let s = -4 - 24. Let k = -11 - s. What is the units digit of k?
7
Let i(c) = 2*c**2 - 2*c + 22. What is the hundreds digit of i(18)?
6
Let z(w) = 11*w**2 + 5*w + 2 - 8*w**2 + 26*w**2 + 7*w**2. Let k be z(-2). Suppose -4*q = 3*b - 157, 5*q = 4*b + k + 99. What is the tens digit of q?
4
Suppose 13*s = 10*s + 15. Suppose s*h - 4*g - 456 = 0, -2*h - g = -0*g - 172. What is the units digit of h?
8
Let a(m) = 5*m**2 - 2*m - 11. Let p = -54 + 49. What is the units digit of a(p)?
4
Suppose -c - 5*m - 33 = -3*c, 5*c + m - 15 = 0. Suppose 71 - 10 = 5*u + w, -c*u + 2*w + 46 = 0. Let d = u - -1. What is the units digit of d?
3
Suppose 4*b - 2*b = 296. Suppose 4*f - b - 188 = 0. Let x = -58 + f. What is the units digit of x?
6
Let c(x) = -5*x + 2 + 4*x - 4*x + x**2. Let y be c(5). Suppose -3*t - 5*v = -3*v - 73, -y*t = v - 49. What is the tens digit of t?
2
Suppose 5*k + 12*s - 2832 = 15*s, -2*s - 2833 = -5*k. What is the hundreds digit of k?
5
Suppose 0 = 2*g + 2*g - 468. Suppose 3*y - 6*y = -g. Let q = y + -23. What is the tens digit of q?
1
Suppose -2*b + 36 = 20. Let v(r) = 4*r - 4. Let n(q) = -12*q + 12. Let x(h) = 5*n(h) + 16*v(h). What is the tens digit of x(b)?
2
Suppose 3*u = 47 + 13. Let i(r) = r + 3. Let z be i(0). Suppose -u = -z*l + 46. What is the tens digit of l?
2
Suppose -1 = -6*b + 11. Let a(p) = 7*p**b - 5*p**2 + 11*p**2 - 2*p - 3*p**2 + 2. What is the tens digit of a(2)?
3
Let g = 251 + -126. Suppose 0 = -4*a + 3*p + g, a + a = -p + 55. Suppose 0 = 2*n - a - 13. What is the units digit of n?
1
Suppose -98 = -5*h - u + 477, -h = -3*u - 99. What is the hundreds digit of h?
1
Let n(o) = o**3 - 20*o**2 - 5*o - 36. What is the units digit of n(21)?
0
What is the tens digit of (-7 + -14 + 22)/(1/2433)?
3
What is the hundreds digit of (-6 - -15) + -6 + 4357?
3
Let l(t) be the third derivative of -t**6/120 - 13*t**5/60 - t**4/4 - t**3/2 - 13*t**2. Let u be l(-12). What is the units digit of 78*(-10)/u*5?
2
Let i be ((-1)/(-3))/((-145)/30 + 5). Suppose 4*w = j + 350, -j + 5*j = i*w - 182. What is the units digit of w?
7
Let h be (-9)/(-18)*(-3 + -1). What is the tens digit of 371/4 - h/8?
9
Let o(i) = -i + 3. Let a be o(-2). Suppose 79 - 17 = h + a*b, 2*b - 8 = 0. What is the units digit of h?
2
Let u be (28/(-35))/(2/10). What is the tens digit of 125 + (-8*1 - u)?
2
Let c(r) be the second derivative of -12*r + 0 - 17/6*r**3 - 17/2*r**2. What is the units digit of c(-5)?
8
Suppose -140 = -3*n + 4*a, 6 = -4*a - 2. Let z be 92/(-3) - (-2)/(-6). Let b = z + n. What is the units digit of b?
3
Suppose -4080 + 855 = -3*z. What is the tens digit of z?
7
Let w(k) = -k**3 + 7*k**2 + 6*k - 10. Let b be 3/6*-2 - 6. Let x = 14 + b. What is the tens digit of w(x)?
3
Suppose -32*h + 1539 = -31*h. What is the units digit of h?
9
Suppose 145485 = -7*s + 60*s. What is the thousands digit of s?
2
Suppose -6*x + 4*x = 992. Let j be (1/(-1))/((-8)/x). Let a = -32 - j. What is the units digit of a?
0
Let y = -49 - 52. What is the tens digit of 6/4 - y/2?
5
Let p = 778 - 462. Suppose 3*r - 484 = -2*m, -3*m = r + r - p. Suppose -2*i + 0*k = -3*k - 80, 4*k = 4*i - r. What is the tens digit of i?
4
Suppose 1581*r = 1577*r + 760. What is the tens digit of r?
9
Suppose -4*d + 1365 = 5*k, -3*d - 1123 = -3*k - k. Suppose -4*x - k = -1013. What is the hundreds digit of x?
1
Suppose 82 = 2*i - 4*i. Let h(x) = -x - 2. Let s be h(-4). What is the units digit of i/(1 + -2) - s?
9
Suppose 0 = -2*u + 9 - 3. Let w(g) = 5*g + 197 + g**u + 7*g**2 + g**2 - 198. What is the tens digit of w(-6)?
4
Let o be (-6)/(-4) - 4/(-8). Let r be 0 + 4 - (-2 + o). Let q = 7 + r. What is the tens digit of q?
1
Suppose r = -0*u + 5*u - 233, u + 5*r = 57. Suppose -3*z + 31 = -5*t - 52, 4*t = -3*z + u. What is the units digit of z?
1
Let n be (-1 - -1) + -4 + (-11 - -133). Suppose 3*i = 2*b - 36 + n, -4*i + 100 = 2*b. What is the units digit of i?
6
What is the tens digit of 695/3 + 11/((-198)/(-24))?
3
Let l(z) = 40*z**3 - 8*z**2 + 50*z + 4. What is the units digit of l(4)?
6
Suppose -x = -9 - 6. Let f = x + 44. What is the units digit of f?
9
What is the hundreds digit of ((-3)/(-27)*159)/(2/36)?
3
Suppose -286 + 4235 = 11*v. What is the tens digit of v?
5
Suppose -3*m - 3*h = -81, -3*h = -9*m + 7*m + 64. What is the tens digit of m?
2
Suppose 4*w = 8*w - 260. Let p = w - 20. What is the units digit of p?
5
Let k be 0 + 4/(-8)*-10. Suppose 0 = -b + 2*z + 257, -k*b - 2*z - 77 = -1398. Suppose 5*g - b = 4*r, -3*r + 4*r = g - 53. What is the tens digit of g?
5
Let s = 51 + 67. What is the tens digit of s?
1
Let c be (-2)/(1/3 - 1). Suppose 5*y + 61 = 3*h, -c*y = -h + y + 32. What is the units digit of h?
2
Suppose -8*x + 35 = -x. Suppose 19 = -3*t + 7*t + 5*p, 25 = -x*p. What is the tens digit of t?
1
Let w be 0/(-21) + 3 + 1. Suppose -4*f - 208 = -w*a, a + 3*a - 3*f - 209 = 0. What is the units digit of a?
3
Let t(k) = k**2 - 3*k + 241. Let u(c) = -c + 1. Let w(s) = t(s) - 2*u(s). What is the tens digit of w(0)?
3
Let u(n) = -n**2 + 31*n + 2. Let l be u(31). Suppose -2*d + 486 = 5*p - 0*d, -l*d - 378 = -4*p. What is the tens digit of p?
9
Let n = 7 - 8. Let j(h) = 3*h - 2 + 2*h**2 + 6*h**2 - 2*h - 4*h. What is the units digit of j(n)?
9
Suppose 219 + 25 = -4*t. Let s = t + 26. Let f = 15 - s. What is the units digit of f?
0
Suppose 2*n - 178 = -4*h, -2*n = -5*h + 10*h - 182. What is the units digit of n?
1
Suppose -5*l + 3*l = -y + 842, 0 = 4*y - 4*l - 3388. What is the tens digit of y?
5
Let x(z) = z**3 + 22*z**2 + 40*z. Let u be x(-20). Let h(k) be the third derivative of k**5/60 + k**4/12 + 25*k**3/3 - k**2. What is the units digit of h(u)?
0
Suppose 0 = 5*b - 4*g - 2, 0 = -5*b + 3*g - g + 6. Suppose -32 = -6*j - b. Suppose -5*d = -k - 237, -d - j*k = 11 - 48. What is the units digit of d?
7
Let d(f) = f**3 - 9*f**2 + 8*f + 3. Let r be d(8). Let n = -8 - r. Let t = -3 - n. What is the un